{"id":996,"date":"2022-08-17T04:24:33","date_gmt":"2022-08-17T04:24:33","guid":{"rendered":"https:\/\/muuichocolate.com\/?post_type=product&#038;p=996"},"modified":"2023-11-01T17:51:00","modified_gmt":"2023-11-01T17:51:00","slug":"sutlu-crunch-2","status":"publish","type":"product","link":"https:\/\/muuichocolate.com\/index.php\/urun\/sutlu-crunch-2\/","title":{"rendered":"S\u00fctl\u00fc Crunch"},"content":{"rendered":"","protected":false},"excerpt":{"rendered":"<p>M\u0131s\u0131r gevre\u011fi, ceviz ve kay\u0131s\u0131n\u0131n \u015fa\u015f\u0131rtan uyumu birde s\u00fctl\u00fc \u00e7ikolata ile birle\u015fince ortaya cikan efsane lezzeti denemelisiniz.<br \/>\nS\u00fctl\u00fc crunch; ceviz, kuru kay\u0131s\u0131, m\u0131s\u0131r gevre\u011fi<\/p>\n","protected":false},"featured_media":911,"template":"","meta":{"site-sidebar-layout":"default","site-content-layout":"default","ast-global-header-display":"","ast-main-header-display":"","ast-hfb-above-header-display":"","ast-hfb-below-header-display":"","ast-hfb-mobile-header-display":"","site-post-title":"","ast-breadcrumbs-content":"","ast-featured-img":"","footer-sml-layout":"","theme-transparent-header-meta":"default","adv-header-id-meta":"","stick-header-meta":"","header-above-stick-meta":"","header-main-stick-meta":"","header-below-stick-meta":""},"product_cat":[27,29],"product_tag":[],"class_list":["post-996","product","type-product","status-publish","has-post-thumbnail","hentry","product_cat-atistirmalik","product_cat-rocher","desktop-align-left","tablet-align-left","mobile-align-left"],"_links":{"self":[{"href":"https:\/\/muuichocolate.com\/index.php\/wp-json\/wp\/v2\/product\/996","targetHints":{"allow":["GET"]}}],"collection":[{"href":"https:\/\/muuichocolate.com\/index.php\/wp-json\/wp\/v2\/product"}],"about":[{"href":"https:\/\/muuichocolate.com\/index.php\/wp-json\/wp\/v2\/types\/product"}],"wp:featuredmedia":[{"embeddable":true,"href":"https:\/\/muuichocolate.com\/index.php\/wp-json\/wp\/v2\/media\/911"}],"wp:attachment":[{"href":"https:\/\/muuichocolate.com\/index.php\/wp-json\/wp\/v2\/media?parent=996"}],"wp:term":[{"taxonomy":"product_cat","embeddable":true,"href":"https:\/\/muuichocolate.com\/index.php\/wp-json\/wp\/v2\/product_cat?post=996"},{"taxonomy":"product_tag","embeddable":true,"href":"https:\/\/muuichocolate.com\/index.php\/wp-json\/wp\/v2\/product_tag?post=996"}],"curies":[{"name":"wp","href":"https:\/\/api.w.org\/{rel}","templated":true}]}}